 15.
715
11010000010 (base 2) to base 12
b6a
-7cc (base 13) to base 9
-1761
-290 (base 12) to base 2
-110001100
1126 (base 7) to base 10
412
Convert -101010001111101 (base 2) to base 15.
-661e
-10003 (base 8) to base 12
-2457
What is -211100 (base 3) in base 8?
-1133
What is -444400 (base 6) in base 7?
-213510
What is -d78 (base 14) in base 6?
-20142
What is -201700 (base 8) in base 3?
-10101012211
12520 (base 6) to base 7
5412
What is 36e2 (base 16) in base 14?
5198
-2522 (base 12) to base 15
-13a2
-2672 (base 13) to base 9
-7482
4064 (base 7) to base 5
21133
What is -4044 (base 5) in base 3?
-201102
Convert -3211 (base 12) to base 7.
-21664
Convert -1467 (base 8) to base 3.
-1010111
-165722 (base 8) to base 5
-3412440
What is c17 (base 16) in base 10?
3095
f870 (base 16) to base 8
174160
-1181 (base 12) to base 6
-13041
What is 2820 (base 9) in base 13?
c75
Convert 111000200 (base 3) to base 12.
55b3
Convert 2121300 (base 4) to base 8.
23160
Convert 1121221 (base 3) to base 16.
4a2
What is -10122201 (base 3) in base 7?
-10525
Convert -1200 (base 15) to base 6.
-25413
Convert -100010010100001 (base 2) to base 10.
-17569
117c (base 16) to base 8
10574
-37760 (base 9) to base 8
-61477
152a (base 15) to base 13
20b3
-112111 (base 3) to base 6
-1451
What is -10260 (base 12) in base 14?
-798c
What is -5b2 (base 12) in base 8?
-1526
-757 (base 11) to base 13
-54c
120211101 (base 3) to base 13
5338
2ba (base 16) to base 5
10243
Convert -864 (base 15) to base 2.
-11101100110
Convert -40 (base 16) to base 5.
-224
-152304 (base 7) to base 9
-44603
Convert a266 (base 14) to base 13.
c92b
Convert -597 (base 10) to base 11.
-4a3
Convert -201002 (base 3) to base 9.
-632
Convert -3633 (base 14) to base 16.
-24ed
What is 1530 (base 7) in base 10?
609
What is -4800 (base 11) in base 9?
-8561
Convert 46d (base 16) to base 2.
10001101101
-1212201 (base 3) to base 5
-20434
2111 (base 11) to base 3
10211112
What is 101040 (base 6) in base 8?
17520
Convert efd (base 16) to base 9.
5233
Convert 1744 (base 9) to base 13.
7ba
-1032001 (base 4) to base 14
-1b69
What is -100010010 (base 2) in base 3?
-101011
Convert 4572 (base 9) to base 6.
23402
Convert 741 (base 11) to base 3.
1020001
Convert -3512 (base 6) to base 7.
-2303
Convert 14cc9 (base 14) to base 6.
1040213
-110110010 (base 2) to base 7
-1160
What is 256 (base 9) in base 10?
213
280 (base 15) to base 11
479
What is -23987 (base 12) in base 11?
-33117
-1100100110111100 (base 2) to base 16
-c9bc
-896 (base 14) to base 15
-785
-131230 (base 4) to base 8
-3554
-723 (base 11) to base 3
-1012022
What is -6ddd (base 16) in base 3?
-1102120200
Convert 6c18 (base 16) to base 11.
19877
1101100 (base 2) to base 7
213
What is 138685 (base 9) in base 15?
1a352
-13532 (base 8) to base 11
-4545
Convert -10c6 (base 13) to base 5.
-33414
What is 111101001 (base 2) in base 6?
2133
What is -111010010111 (base 2) in base 11?
-2896
What is 1173 (base 15) in base 6?
25100
Convert 203222 (base 4) to base 11.
1795
Convert -3454 (base 14) to base 7.
-35334
What is 1885 (base 16) in base 4?
1202011
1cf (base 16) to base 2
111001111
-48 (base 15) to base 9
-75
What is -20221210 (base 3) in base 12?
-2b26
Convert -14334 (base 6) to base 16.
-8f2
1263 (base 10) to base 15
593
Convert -109aa (base 13) to base 8.
-73016
Convert 32b9 (base 15) to base 11.
8092
-1223134 (base 5) to base 13
-a941
-39a (base 11) to base 4
-13120
-16989 (base 12) to base 6
-410253
7049 (base 16) to base 5
1404440
What is -3102 (base 5) in base 6?
-1510
dc89 (base 15) to base 7
253110
111111000 (base 2) to base 13
2ca
What is 732 (base 13) in base 8?
2310
100313 (base 6) to base 12
4699
Convert -3124 (base 6) to base 7.
-2020
-136 (base 12) to base 10
-186
What is 55222 (base 10) in base 5?
3231342
74a (base 13) to base 11
a32
Convert -251 (base 11) to base 15.
-14d
1032302 (base 4) to base 13
23ab
-2154 (base 12) to base 8
-7120
What is -10875 (base 11) in base 4?
-3311023
What is -b3d (base 16) in base 14?
-1097
What is 121a (base 16) in base 10?
4634
Convert -345660 (base 7) to base 9.
-104133
Convert 1929 (base 11) to base 13.
1167
Convert -633 (base 8) to base 11.
-344
What is 6344 (base 7) in base 4?
202331
Convert 142 (base 15) to base 16.
11f
What is -2241 (base 6) in base 12?
-381
What is -249 (base 12) in base 2?
-101011001
Convert 11303 (base 5) to base 10.
828
-762 (base 15) to base 9
-2252
What is 13430 (base 5) in base 14?
599
What is -2694 (base 16) in base 7?
-40536
Convert -12324 (base 5) to base 8.
-1704
What is -18328 (base 10) in base 11?
-12852
1ac6 (base 13) to base 7
14543
What is 61775 (base 9) in base 4?
21330122
Convert 32210 (base 6) to base 4.
1010232
Convert -12 (base 16) to base 8.
-22
-1713 (base 9) to base 2
-10100011100
Convert -5053 (base 6) to base 14.
-597
Convert 11100020 (base 4) to base 13.
9a3a
Convert 8db (base 15) to base 7.
5564
-1110111000 (base 2) to base 3
-1022021
What is -31244 (base 8) in base 2?
-11001010100100
What is -650 (base 10) in base 11?
-541
What is -310 (base 8) in base 10?
-200
133 (base 6) to base 2
111001
Convert -2a0 (base 11) to base 10.
-352
-10635 (base 7) to base 5
-41341
-a39 (base 13) to base 8
-3312
-12605 (base 7) to base 15
-100b
What is -2302 (base 7) in base 3?
-1010221
What is b42 (base 13) in base 8?
3571
336016 (base 7) to base 4
32210233
2221 (base 10) to base 15
9d1
Convert -28cd (base 14) to base 15.
-2227
Convert a84 (base 16) to base 13.
12c1
-1010010000001 (base 2) to base 6
-40145
5520 (base 8) to base 12
1814
What is 1176 (base 10) in base 11?
97a
Convert -243 (base 11) to base 2.
-100100001
4187 (base 11) to base 6
41352
-1616 (base 9) to base 13
-738
What is 2202 (base 4) in base 7?
321
What is -1b8 (base 15) in base 5?
-3043
What is 168 (base 13) in base 4?
3333
What is -31 (base 16) in base 2?
-110001
Convert 11627 (base 9) to base 7.
31513
What is -14324 (base 7) in base 14?
-1614
7691 (base 15) to base 16
6217
What is 11011021 (base 3) in base 14?
1167
Convert 139 (base 11) to base 4.
2203
What is -1a3 (base 12) in base 16?
-10b
Convert 489 (base 11) to base 4.
21011
-4410 (base 5) to base 7
-1523
2942 (base 10) to base 8
5576
-21a (base 14) to base 15
-1cb
Convert -82a (base 13) to base 10.
-1388
What is 122122 (base 3) in base 6?
2112
1020000 (base 3) to base 9
1200
-10101010010 (base 2) to base 16
-552
What is -2113 (base 9) in base 6?
-11103
Convert -1dd (base 14) to base 6.
-1451
Convert 1121 (base 7) to base 3.
120002
What is -16701 (base 8) in base 13?
-360c
-b69 (base 16) to base 9
-4005
What is 460145 (base 7) in base 6?
1430152
What is 2433 (base 6) in base 14?
309
What is -2065 (base 7) in base 11?
-607
Convert 96a (base 12) to base 5.
21003
What is -1159 (base 10) in base 8?
-2207
Convert -200510 (base 6) to base 14.
-5a42
Convert -811 (base 10) to base 2.
-1100101011
What is 11010000011 (base 2) in base 15?
762
646 (base 13) to base 10
1072
Convert 9454 (base 14) to base 8.
61722
-1422242 (base 5) to base 3
-1111201220
Convert -2849 (base 11) to base 9.
-5042
What is -392 (base 13) in base 7?
-1553
Convert -164c (base 16) to base 3.
-21211102
Convert -2300213 (base 4) to base 14.
-4195
537 (base 10) to base 8
1031
-2a9 (base 11) to base 8
-551
Convert -1c7 (base 13) to base 16.
-14c
What is -247 (base 8) in base 6?
-435
What is 3b7 (base 15) in base 5?
11342
-17000 (base 10) to base 2
-100001001101000
Convert -9332 (base 10) to base 15.
-2b72
What is -14340 (base 5) in base 15?
-565
What is -cc9 (base 16) in base 7?
-12354
324224 (base 6) to base 11
1920a
Convert 69e (base 16) to base 2.
11010011110
Convert -215 (base 7) to base 8.
-156
-317b (base 16) to base 6
-134351
Convert 288a (base 15) to base 3.
102220111
2030 (base 15) to base 10
6795
What is -4cd (base 16) in base 10?
-1229
Convert -1101100001 (base 2) to base 7.
-2344
41346 (base 9) to base 13
c53a
What is 11100110111 (base 2) in base 15?
832
-186 (base 13) to base 16
-117
Convert -2224 (base 7) to base 10.
-802
Convert d04 (base 14) to base 11.
1a10
-1010101101000 (base 2) to base 11
-4132
Convert -135301 (base 6) to base 14.
-4981
What is -12c1 (base 14) in base 15?
-ea5
Convert 3230 (base 6) to base 8.
1342
What is 7993 (base 12) in base 15?
4003
Convert -200c (base 13) to base 5.
-120111
